tive of -o**4/12 + 3*o**3/2 - 13*o**2/2 + 88*o - 215. Let n(b) be the first derivative of h(b). Calculate n(9).
-13
Let t(w) = -w**2 - 3*w - 4. Suppose 4*n - 34 = -6. Let a = 39 - n. Suppose 5*l + a = -4*m, 9*m = 4*m - 4*l - 31. Calculate t(m).
-4
Let f(m) = -7*m**3 + 27*m**2 - 16*m + 10. Let y(t) = -20*t**3 + 79*t**2 - 48*t + 33. Let q(w) = 17*f(w) - 6*y(w). Calculate q(14).
0
Let d(k) = -k**3 + 44*k**2 - 181*k - 559. Let f be d(39). Let r(o) = -8*o - 108. Calculate r(f).
-4
Let j be 2/(-8) - 72/(-32). Let c = -58 + 61. Let s(q) = c*q**2 + 0 + 5 + 5*q - j*q**2 + q. Calculate s(-5).
0
Let t(h) be the second derivative of h**5/20 + h**4/4 - h**3/3 + h**2/2 - 2*h. Let p be (24/(-14))/2*126/36. Give t(p).
7
Let t(m) = -5*m**3 + 2*m**2 - 1. Let o(k) = -k**2 - 79*k + 1197. Let j be o(-92). Calculate t(j).
-4
Let g(x) be the second derivative of -x**5/60 - 5*x**4/12 - x**3 - 91*x**2 - 16*x - 1. Let q(r) be the first derivative of g(r). Determine q(-9).
3
Suppose -181*v - 1346 = 492*v. Let z(q) be the third derivative of q**6/240 + q**4/24 + q**2. Let j(i) be the second derivative of z(i). Calculate j(v).
-6
Let w(u) be the first derivative of -u**7/840 + u**6/60 + u**5/24 + 11*u**4/24 - 2*u**3/3 - 3*u**2/2 + 86. Let x(a) be the third derivative of w(a). Give x(7).
-3
Suppose 2*y - y - 5 = 0. Suppose -59*i + 101 + 194 = 0. Suppose -q - y = -g + 1, 2*q = i*g - 15. Let u(h) = -7*h**3 - 2*h + 1. Determine u(g).
-8
Suppose -15*q - 2*v - 184 = 0, -5*v - 46 = 35*q - 32*q. Let a(l) be the third derivative of l**6/120 + l**5/5 + l**4/24 + l**3/6 - 2*l**2. Determine a(q).
-11
Let i(s) = s**3 + 29*s**2 - s - 30. Let t be i(-29). Let d(c) = -c**2 + 11*c - 6. Let h(v) = v - 1. Let l(b) = t*h(b) + d(b). What is l(10)?
-5
Let k(p) = -1091*p + 274*p + 285*p + 13 + 269*p + 273*p. Determine k(-6).
-47
Let q(w) = -w**3 - 11*w**2 + 2*w + 15. Let o = 3235 - 3247. What is q(o)?
135
Let s(v) = -v**3 - 24*v**2 + 24*v - 20. Let o = -2503 - -2478. Calculate s(o).
5
Let u be 112/(-168)*(5/2 + -1). Let r(y) = 3*y**3 - 2*y**2 - 2*y. What is r(u)?
-3
Suppose 0 = a + 4 - 8, b = -a + 11. Let l(u) = -u - b*u**2 - u**3 - 2 - 6 - 10*u**2. Give l(-17).
9
Let n = -65 + 77. Let u be (-170)/(-14) - 12 - n/(-14). Let p(a) = -6*a + 1. Calculate p(u).
-5
Let v(n) = -829 + 484 + 470 + 0*n - 11*n - 2*n. Determine v(8).
21
Let n(f) = f**3 + 6*f**2 + 10*f + 10. Let y be n(-3). Let m(r) = y*r**2 + 15*r**3 + 6 + 18 + 2*r - 14*r**3 - 8. Determine m(-7).
2
Let a = -1 - 112. Let t = -109 - a. Let p(h) be the first derivative of -h**4/4 + 4*h**3/3 - h**2/2 + 4*h + 1. Calculate p(t).
0
Suppose -5*y - 8 = 4*v, -v = -6*y + 4*y + 2. Let m be v/(-12) - 28/24. Let l(a) = a. Let t(z) = -6*z + 1. Let j(f) = m*t(f) - 5*l(f). What is j(-1)?
-2
Let c(b) = -b - 11. Let n(t) = -t**2 - 4*t + 5. Let k(v) = -9 - v**3 + 8*v + 11*v - 20*v - 4*v**2. Let o be k(-4). Let i be n(o). Calculate c(i).
-11
Let c(n) = 28 - 33742*n - 33743*n + 67478*n. Determine c(8).
-28
Let h = -411/5 + 1649/20. Let a(y) be the first derivative of -7/2*y**2 + h*y**4 + 5/3*y**3 - 4*y + 19. Calculate a(-6).
2
Suppose -3*u = -5*u. Let p be 3 - ((-12)/3 - u). Let k(g) = -2*g + 2*g + g**2 - 7*g + 7 - 4. What is k(p)?
3
Suppose -2*w + 8 = -30. Let p(u) = 1 + 16*u + 0*u - w*u - u**2 + u. Suppose -o = 2 + 2, -3*o - 8 = -n. Calculate p(n).
-7
Suppose -191*g = -657 - 489. Let z(o) = 46*o - 270. What is z(g)?
6
Let g(x) = -x**3 + 16*x**2 + 11. Let f = 18217 - 18201. Calculate g(f).
11
Suppose -143 = -4*o + 15*o. Let y(j) = 3*j - 7. Let v(s) = 4*s - 7. Let n(g) = 4*v(g) - 5*y(g). What is n(o)?
-6
Let g = -965 + 968. Let f(r) = 0*r + 4 + r - 17 + 3*r + g*r. Determine f(6).
29
Let x(t) = 2*t**3 + 30*t**2 - 51*t + 18. Let i(y) = y**3 + 29*y**2 - 51*y + 21. Let l(c) = -3*i(c) + 2*x(c). Calculate l(25).
-2
Let v(o) = o**2. Let x(w) = -4*w**2 - 5*w + 7. Let c(p) = 5*v(p) + x(p). Suppose 20 = 5*u, -5*t - 4*u + 9 = -6*t. Give c(t).
21
Suppose 4*a + 2*j = 12, -5*a - 34 = -5*j - 19. Let u(f) = 2*f**2 - 1. Calculate u(a).
1
Let u(t) = t**2 - 3*t - 35. Let n be (-10 + 10)*3/12*-2*-1. Calculate u(n).
-35
Let g(a) = -5*a + 2. Let l = 240 + -241. Let u be 8*l + (-19 - -25). Give g(u).
12
Let w(j) = 4*j**3 + 5*j**2 + 37*j - 86. Let t(y) = y**3 + y**2 + y - 16. Let b(r) = -5*t(r) + w(r). Calculate b(-6).
18
Let k(x) = 182*x + 1019. Let p(u) = -58*u - 340. Let g(w) = -6*k(w) - 19*p(w). Calculate g(-35).
-4
Let q(p) = p**3 + 10*p**2 + 7*p + 4. Let z = 4789 + -4798. Determine q(z).
22
Let l(v) = -272*v - 48. Let p(t) = -121*t - 23. Let a(c) = 8*l(c) - 18*p(c). What is a(-4)?
22
Suppose 25*u - 2729 = -3029. Let o(m) = -8*m - 48. What is o(u)?
48
Let s(i) be the third derivative of i**6/120 + i**5/10 + 5*i**4/12 + 5*i**3/2 - 2199*i**2. Calculate s(-5).
-10
Let r(g) = -3*g - 3. Let q(m) = 37*m + 13. Let d(j) = q(j) + 2*r(j). Calculate d(-3).
-86
Let t(j) = -j**3 + 385*j**2 + 10 - 131*j**2 - 28*j - 120*j**2 - 122*j**2. Determine t(9).
1
Let p(a) = 2 + 75*a**2 + 22*a - 73*a**2 - 40*a + 15*a. What is p(3)?
11
Let d(p) = 8*p + 9 + p**2 + 3 + 3*p. Let w = -353187 - -353177. What is d(w)?
2
Suppose -129*y = 139 + 51 + 326. Let r(z) be the second derivative of -z**4/12 - z**3 - 3*z**2 + z. Determine r(y).
2
Let d(l) = -22*l - 88. Let g(n) = -6*n - 10. Let f(p) = -d(p) + 4*g(p). Calculate f(-7).
62
Let l(t) be the third derivative of t**2 - t**3 + 21*t + 0 + 1/8*t**4. Give l(4).
6
Let m = 1147 + -1679. Let p = m - -526. Let c(u) = u**3 + 6*u**2 - 4*u + 1. What is c(p)?
25
Let c(i) = 4*i**3 + 2*i**2 + 11*i + 20. Let q be c(-2). Let s(y) = -y**2 - 26*y + 5. Let z be s(q). Let b(l) = -l**3 + 3*l**2 + 6*l + 7. Calculate b(z).
-13
Let g(o) = 4 + 17 + 7*o + 47 + 4 - o. What is g(-14)?
-12
Let t(m) be the first derivative of 4*m**2 - 14*m - 2265. Give t(-7).
-70
Let h(w) be the first derivative of -64*w + 27*w + 42*w - 196 + 3*w**2 + 36. Give h(8).
53
Let w be (-8)/6*3 - (-16 - -12 - -15). Let i(t) = t**2 + 15*t - 12. Give i(w).
-12
Let c(f) = f - 5. Let o = 6 - 5. Suppose -76 = 3*p + 4*k, 5*p + 112 = -6*k + 3*k. Let x be ((-12)/p)/(o/5). Calculate c(x).
-2
Suppose 0 = -4*p + z + 3*z + 20, -13 = -2*p + z. Let g(b) be the third derivative of b**5/60 - b**4/3 - b**3 + 146*b**2 + 97*b + 2. Give g(p).
-6
Let j(u) = -2 - 6*u - 2 + 3*u. Let a be 2*((-12)/((-144)/42) + -6). Let l(d) = -8*d - 8. Let y(r) = a*j(r) + 2*l(r). Give y(10).
-6
Let p(q) = q**3 - 10*q**2 + 10*q + 1. Let d = -165 + 210. Suppose 2*n = -x - 2*n + 21, 3*n = -4*x + d. Determine p(x).
10
Let m(i) = 103*i + 25. Let o(d) = -23*d - 6. Let x(s) = -2*m(s) - 9*o(s). Give x(-1).
3
Suppose -42 = -18*t + 12. Let u(z) = -3*z + 8. Let k(i) = -i. Let a(s) = -2*k(s) + u(s). Give a(t).
5
Let c(i) be the second derivative of i**5/20 - i**4/3 + i**3/2 + 5*i**2/2 + i. Let h be (11/(-2))/(216/32 + -7). Suppose 0 = -15*b + h*b - 28. What is c(b)?
17
Let f(n) = -n - 9. Let j be 105/(-15)*(-4)/7. Let d(l) = l**2 - 10*l + 14. Let o be d(j). Calculate f(o).
1
Let b = 4806 - 4780. Let l(j) = 2*j - 52. What is l(b)?
0
Suppose -74*u = 3*u - 308. Let n(t) be the third derivative of -1/24*t**u + 0*t - 10*t**2 + 0 + 0*t**3. Calculate n(-6).
6
Let m(q) = 2*q**2 + 23*q + 40. Suppose 78*c - 5*c + 1270 = -54*c. What is m(c)?
10
Suppose y - 5*y + 192 = 4*j, 2*j = -y + 45. Let k be -12*((-1)/(-3))/(-1). Suppose -g + 6*g + y = k*n, -4*g = 5*n - 33. Let f(a) = -2*a + 13. Give f(n).
-5
Suppose -3*x = 30*x - 79 - 152. Let v(n) = -n**2 + 5*n - 13. Calculate v(x).
-27
Suppose -m = -5*d - 19, -d = -4*m - 2*d + 76. Suppose g + 0 = 1. Let w(q) = -g + 3 - 3 - 2*q**2 - q + m*q**2. Determine w(-1).
17
Let c(w) = 7*w**3 - 9*w**2 + 3*w + 15. Let l(i) = -10 - 11*i**3 - 14 + 14*i**2 - 1159*i + 1154*i. Let s(p) = 8*c(p) + 5*l(p). What is s(-1)?
-2
Let v(g) = -g**3 + 5*g**2 + 1. Let b(w) = w**3 - 11*w**2 + w - 4. Let f(j) = b(j) + 2*v(j). What is f(0)?
-2
Suppose 2*p = 6, 58*m - 55*m = -p + 12. Let b(z) = -18*z**2 + 14*z + 4. Calculate b(m).
-116
Let a(r) = 5*r + 19. Let y be a(-3). Let q(z) = -3*z - 5*z - 11 + y*z + 3*z. Give q(-5).
-6
Let i(l) be the first derivative of -1/3*l**3 + 40 - 3*l - 1/2*l**2. Calculate i(0).
-3
Let r = 16689 - 16681. Let j(d) = -4*d**2 + 27*d + 49. Calculate j(r).
9
Let r(j) = -j**2 - 123*j - 474. Suppose 0 = -5*o + 5*m - 50, 0 = 4*o + 2*m - 19 + 2